?
False
Is 33457 prime?
True
Is 58633 prime?
False
Is 15734 a prime number?
False
Is 388051 composite?
False
Is 645641 a composite number?
False
Is 551 a prime number?
False
Is 7601 composite?
True
Is 27627 a composite number?
True
Is 11299 prime?
True
Is 30083 prime?
False
Is 2362 composite?
True
Is 8641 prime?
True
Is 582041 a composite number?
True
Is 199513 a prime number?
False
Is 498439 prime?
True
Is 4271 a prime number?
True
Is 1399 a composite number?
False
Is 19031 composite?
False
Is 72337 prime?
True
Is 1687 composite?
True
Is 10831 composite?
False
Is 43879 composite?
True
Is 72263 a prime number?
False
Is 72803 composite?
True
Is 19361 a prime number?
False
Is 876067 prime?
True
Is 1512361 composite?
False
Is 942257 a composite number?
False
Is 719 a prime number?
True
Is 112121 composite?
False
Is 141829 a composite number?
False
Is 201073 composite?
False
Is 10823 a prime number?
False
Is 19349 composite?
True
Is 209123 a prime number?
True
Is 183 a composite number?
True
Is 304727 prime?
False
Is 8263 prime?
True
Is 7819 prime?
False
Is 9839 a composite number?
False
Is 588629 prime?
False
Is 8563 a composite number?
False
Is 42049 composite?
True
Is 42059 a prime number?
False
Is 395503 composite?
True
Is 82997 a prime number?
True
Is 4283 prime?
True
Is 5623 a prime number?
True
Is 12295 composite?
True
Is 4909 a prime number?
True
Is 3571 a prime number?
True
Is 170383 prime?
True
Is 187 a prime number?
False
Is 37747 a composite number?
False
Is 1658 a prime number?
False
Is 1657 a prime number?
True
Is 8279 a composite number?
True
Is 224669 prime?
True
Is 10113 a composite number?
True
Is 2579 a composite number?
False
Is 2124055 a composite number?
True
Is 331477 a composite number?
True
Is 112341 composite?
True
Is 19621 a prime number?
False
Is 16447 a composite number?
False
Is 1759594 prime?
False
Is 901 composite?
True
Is 70097 prime?
False
Is 743141 a prime number?
False
Is 1179177 a composite number?
True
Is 3989957 prime?
True
Is 167591 a composite number?
True
Is 2979227 prime?
True
Is 1553 prime?
True
Is 134267 a composite number?
True
Is 205783 a composite number?
False
Is 11351 a composite number?
False
Is 4391 composite?
False
Is 242243 prime?
True
Is 162053 composite?
False
Is 38939 composite?
True
Is 1538457 a composite number?
True
Is 17257 a prime number?
True
Is 164899 composite?
True
Is 6437 prime?
False
Is 37231 composite?
True
Is 1934 prime?
False
Is 1717 a composite number?
True
Is 61603 a prime number?
True
Is 229741 prime?
False
Is 635155 prime?
False
Is 58585 composite?
True
Is 44449 a prime number?
True
Is 28151 composite?
False
Is 127447 a prime number?
True
Is 160201 a prime number?
True
Is 285139 composite?
False
Is 139801 prime?
True
Is 6353 a prime number?
True
Is 16361 a composite number?
False
Is 4341 a prime number?
False
Is 10097 a composite number?
True
Is 108079 a prime number?
True
Is 23713 a prime number?
False
Is 122651 a prime number?
True
Is 1193381 prime?
False
Is 943967 prime?
True
Is 362479 composite?
True
Is 87881 a prime number?
True
Is 8663 a prime number?
True
Is 50927 a prime number?
False
Is 2179 a composite number?
False
Is 1047997 a composite number?
False
Is 85687 prime?
False
Is 121073 a composite number?
True
Is 119869 composite?
False
Is 5923 a composite number?
False
Is 84313 a prime number?
True
Is 91673 prime?
True
Is 12014 composite?
True
Is 230446 a prime number?
False
Is 25793 prime?
True
Is 470671 composite?
True
Is 788603 a prime number?
True
Is 1046803 a prime number?
False
Is 205709 prime?
False
Is 94873 composite?
False
Is 859421 prime?
False
Is 90353 a composite number?
False
Is 67291 prime?
False
Is 37369 a composite number?
False
Is 232255 a composite number?
True
Is 4103 composite?
True
Is 1867 prime?
True
Is 14659 a prime number?
False
Is 4286 a composite number?
True
Is 1414847 composite?
True
Is 1909907 a composite number?
False
Is 8457 a prime number?
False
Is 29201 composite?
False
Is 64211 prime?
False
Is 31013 composite?
False
Is 46909 a prime number?
False
Is 78158 a composite number?
True
Is 14519 a prime number?
True
Is 98162 prime?
False
Is 790147 a prime number?
False
Is 3061811 a composite number?
False
Is 36881 prime?
False
Is 73495 prime?
False
Is 166183 composite?
False
Is 2631 a composite number?
True
Is 101069 composite?
True
Is 73877 composite?
False
Is 4553 composite?
True
Is 43391 a prime number?
True
Is 357685 composite?
True
Is 15335 composite?
True
Is 4387 a prime number?
False
Is 12001 a prime number?
False
Is 84047 composite?
False
Is 419 a composite number?
False
Is 268403 prime?
True
Is 15989 prime?
False
Is 1277299 prime?
True
Is 183409 prime?
False
Is 68993 a prime number?
True
Is 6081 composite?
True
Is 11777 a composite number?
False
Is 4441 a composite number?
False
Is 28081 a prime number?
True
Is 276553 prime?
True
Is 522157 prime?
True
Is 36589 a prime number?
False
Is 1190467 prime?
True
Is 68963 a prime number?
True
Is 525299 a prime number?
True
Is 486847 prime?
False
Is 7669 a composite number?
False
Is 7037 composite?
True
Is 4306 a composite number?
True
Is 1945 prime?
False
Is 366073 a composite number?
True
Is 398759 prime?
True
Is 76697 prime?
True
Is 51619 prime?
False
Is 61357 a composite number?
False
Is 52961 a composite number?
True
Is 9103 a composite number?
False
Is 2183 a prime number?
False
Is 18037 composite?
True
Is 79757 composite?
False
Is 43509 a prime number?
False
Is 5669 a composite number?
False
Is 383321 prime?
True
Is 27647 composite?
False
Is 2831 a composite number?
True
Is 593851 prime?
True
Is 48227 prime?
False
Is 62921 a composite number?
False
Is 43391 a prime number?
True
Is 14293 a prime number?
True
Is 8461 a prime number?
True
Is 820033 a prime number?
False
Is 54785 a prime number?
False
Is 8621 prime?
False
Is 1011889 prime?
True
Is 1104703 prime?
True
Is 14113 prime?
False
Is 106129 a prime number?
True
Is 202877 composite?
False
Is 7109 a prime number?
True
Is 21701 prime?
True
Is 622351 prime?
True
Is 8663 prime?
True
Is 1151 a composite number?
False
Is 670141 a prime number?
False
Is 29227 a prime number?
False
Is 508771 composite?
False
Is 152003 a prime number?
True
Is 6119 a composite number?
True
Is 97943 a composite number?
False
Is 41299 a prime number?
True
Is 104605 prime?
False
Is 40871 a composite number?
True
Is 26627 prime?
True
Is 223711 a prime number?
True
Is 3661 a composite number?
True
Is 7327 a prime number?
False
Is 146515 a prime number?
False
Is 56843 prime?
True
Is 6421 prime?
True
Is 85967 composite?
True
Is 30529 a prime number?
True
Is 331127 a prime number?
True
Is 2523441 a prime number?
False
Is 502093 a prime number?
True
Is 740461 a prime number?
True
Is 122327 prime?
True
Is 5557 prime?
True
Is 77851 a composite number?
True
Is 31667 a composite number?
False
Is 122123 a prime number?
False
Is 4349 a composite number?
False
Is 800403 a prime number?
False
Is 6007 composite?
False
Is 440423 composite?
True
Is 14197 prime?
True
Is 3233 prime?
False
Is 25969 composite?
False
Is 203207 a composite number?
False
Is 13306 composite?
True
Is 435697 prime?
False
Is 46723 prime?
True
Is 4691 prime?
True
Is 7807 composite?
True
Is 355669 a prime number?
True
Is 9097 a composite number?
True
Is 1306115 a composite number?
True
Is 11579 a composite number?
False
Is 29603 composite?
True
Is 1777 prime?
True
Is 235819 a composite number?
True
Is 14923 a composite number?
False
Is 3277583 a composite number?
True
Is 56149 prime?
True
Is 255751 a composite number?
True
Is 27355 a composite number?
True
Is 2789 composite?
False
Is 191855 composite?
True
Is 3583069 prime?
False
Is 1083973 prime?
False
Is 5809 a prime number?
False
Is 6563 a prime number?
True
Is 5252241 a prime number?
False
Is 2844641 composite?
False
Is 99377 a prime number?
True
Is 2768449 prime?
True
Is 826889 prime?
False
Is 3907379 a prime number?
False
Is 719 prime?
True
Is 15421 prime?
False
Is 603886 a prime number?
False
Is 7393 composite?
False
Is 4987 composite?
False
Is 81311 prime?
False
Is 739693 a prime number?
True
Is 16217 a composite number?
False
Is 145577 a prime number?
True
Is 22853 a prime number?
True
Is 2521 a composite number?
False
Is 3683 prime?
False
I